What are the prime factors of 652?
2, 163
List the prime factors of 2648.
2, 331
List the prime factors of 449.
449
What are the prime factors of 18445?
5, 7, 17, 31
List the prime factors of 4410.
2, 3, 5, 7
List the prime factors of 12886.
2, 17, 379
List the prime factors of 923.
13, 71
What are the prime factors of 1668?
2, 3, 139
What are the prime factors of 22394?
2, 11197
List the prime factors of 115812.
2, 3, 3217
List the prime factors of 6928.
2, 433
List the prime factors of 29318.
2, 107, 137
What are the prime factors of 1998?
2, 3, 37
What are the prime factors of 11555?
5, 2311
What are the prime factors of 6201?
3, 13, 53
What are the prime factors of 28724?
2, 43, 167
What are the prime factors of 679?
7, 97
What are the prime factors of 15735?
3, 5, 1049
What are the prime factors of 26213?
11, 2383
What are the prime factors of 502?
2, 251
What are the prime factors of 6396?
2, 3, 13, 41
List the prime factors of 2288.
2, 11, 13
What are the prime factors of 28983?
3, 9661
List the prime factors of 2484.
2, 3, 23
What are the prime factors of 227?
227
List the prime factors of 11894.
2, 19, 313
What are the prime factors of 474?
2, 3, 79
List the prime factors of 165.
3, 5, 11
List the prime factors of 330.
2, 3, 5, 11
What are the prime factors of 1310?
2, 5, 131
List the prime factors of 53191.
43, 1237
List the prime factors of 116664.
2, 3, 4861
List the prime factors of 97543.
23, 4241
List the prime factors of 7091.
7, 1013
List the prime factors of 934.
2, 467
What are the prime factors of 498?
2, 3, 83
What are the prime factors of 1163?
1163
What are the prime factors of 26046?
2, 3, 1447
List the prime factors of 66818.
2, 33409
What are the prime factors of 88365?
3, 5, 43, 137
List the prime factors of 8538.
2, 3, 1423
List the prime factors of 1077.
3, 359
What are the prime factors of 10374?
2, 3, 7, 13, 19
List the prime factors of 1845.
3, 5, 41
List the prime factors of 87483.
3, 11, 241
List the prime factors of 21570.
2, 3, 5, 719
List the prime factors of 1613.
1613
List the prime factors of 81.
3
What are the prime factors of 540?
2, 3, 5
List the prime factors of 7517.
7517
List the prime factors of 421.
421
What are the prime factors of 892?
2, 223
List the prime factors of 31784.
2, 29, 137
List the prime factors of 858.
2, 3, 11, 13
List the prime factors of 60722.
2, 97, 313
List the prime factors of 26729.
26729
What are the prime factors of 30468?
2, 3, 2539
List the prime factors of 3646.
2, 1823
List the prime factors of 6122.
2, 3061
List the prime factors of 18688.
2, 73
What are the prime factors of 13772?
2, 11, 313
List the prime factors of 64133.
59, 1087
List the prime factors of 6342.
2, 3, 7, 151
List the prime factors of 109.
109
List the prime factors of 3441.
3, 31, 37
What are the prime factors of 1794?
2, 3, 13, 23
What are the prime factors of 653?
653
What are the prime factors of 44951?
79, 569
List the prime factors of 865.
5, 173
List the prime factors of 54778.
2, 61, 449
List the prime factors of 9272.
2, 19, 61
List the prime factors of 9167.
89, 103
What are the prime factors of 21539?
7, 17, 181
List the prime factors of 7252.
2, 7, 37
What are the prime factors of 122475?
3, 5, 23, 71
What are the prime factors of 89?
89
What are the prime factors of 4785?
3, 5, 11, 29
What are the prime factors of 1484?
2, 7, 53
List the prime factors of 911.
911
What are the prime factors of 5077?
5077
What are the prime factors of 15556?
2, 3889
List the prime factors of 1950.
2, 3, 5, 13
What are the prime factors of 4861?
4861
List the prime factors of 1606.
2, 11, 73
List the prime factors of 5146.
2, 31, 83
List the prime factors of 19.
19
What are the prime factors of 6497?
73, 89
What are the prime factors of 47220?
2, 3, 5, 787
What are the prime factors of 1229?
1229
What are the prime factors of 40401?
3, 67
List the prime factors of 20673.
3, 2297
What are the prime factors of 1780?
2, 5, 89
What are the prime factors of 2734?
2, 1367
What are the prime factors of 9126?
2, 3, 13
List the prime factors of 4191.
3, 11, 127
What are the prime factors of 770?
2, 5, 7, 11
What are the prime factors of 9883?
9883
List the prime factors of 22558.
2, 11279
List the prime factors of 68292.
2, 3, 7, 271
What are the prime factors of 75389?
75389
List the prime factors of 1296.
2, 3
List the prime factors of 1791.
3, 199
What are the prime factors of 2982?
2, 3, 7, 71
What are the prime factors of 3281?
17, 193
What are the prime factors of 4706?
2, 13, 181
List the prime factors of 55016.
2, 13, 23
List the prime factors of 3406.
2, 13, 131
List the prime factors of 8127.
3, 7, 43
What are the prime factors of 11228?
2, 7, 401
What are the prime factors of 1575?
3, 5, 7
What are the prime factors of 37619?
37619
What are the prime factors of 770?
2, 5, 7, 11
List the prime factors of 25167.
3, 8389
List the prime factors of 10247.
10247
What are the prime factors of 1522?
2, 761
List the prime factors of 79152.
2, 3, 17, 97
What are the prime factors of 2063?
2063
What are the prime factors of 354?
2, 3, 59
What are the prime factors of 83523?
3, 11, 2531
What are the prime factors of 2257?
37, 61
List the prime factors of 801.
3, 89
List the prime factors of 385.
5, 7, 11
What are the prime factors of 3147?
3, 1049
What are the prime factors of 345?
3, 5, 23
What are the prime factors of 4830?
2, 3, 5, 7, 23
What are the prime factors of 101233?
11, 9203
List the prime factors of 2263.
31, 73
List the prime factors of 5566.
2, 11, 23
List the prime factors of 3283.
7, 67
What are the prime factors of 60328?
2, 7541
List the prime factors of 32326.
2, 7, 2309
What are the prime factors of 1946?
2, 7, 139
What are the prime factors of 1014?
2, 3, 13
List the prime factors of 2023.
7, 17
What are the prime factors of 7431?
3, 2477
List the prime factors of 11937.
3, 23, 173
What are the prime factors of 515?
5, 103
List the prime factors of 24174.
2, 3, 17, 79
What are the prime factors of 26482?
2, 13241
What are the prime factors of 37348?
2, 9337
List the prime factors of 966.
2, 3, 7, 23
List the prime factors of 148.
2, 37
List the prime factors of 512.
2
What are the prime factors of 84026?
2, 42013
What are the prime factors of 9259?
47, 197
List the prime factors of 94603.
94603
What are the prime factors of 18659?
47, 397
What are the prime factors of 82736?
2, 5171
List the prime factors of 33658.
2, 16829
What are the prime factors of 1021?
1021
List the prime factors of 13264.
2, 829
List the prime factors of 38852.
2, 11, 883
List the prime factors of 3994.
2, 1997
List the prime factors of 1146.
2, 3, 191
What are the prime factors of 676?
2, 13
What are the prime factors of 3076?
2, 769
What are the prime factors of 44710?
2, 5, 17, 263
List the prime factors of 181139.
7, 113, 229
List the prime factors of 10549.
7, 11, 137
What are the prime factors of 25695?
3, 5, 571
What are the prime factors of 1968?
2, 3, 41
List the prime factors of 2310.
2, 3, 5, 7, 11
What are the prime factors of 2038?
2, 1019
List the prime factors of 124276.
2, 31069
What are the prime factors of 15726?
2, 3, 2621
What are the prime factors of 3431?
47, 73
What are the prime factors of 4048?
2, 11, 23
List the prime factors of 6410.
2, 5, 641
List the prime factors of 2014.
2, 19, 53
List the prime factors of 5008.
2, 313
List the prime factors of 1500.
2, 3, 5
List the prime factors of 6217.
6217
What are the prime factors of 366?
2, 3, 61
What are the prime factors of 35909?
149, 241
List the prime factors of 1448.
2, 181
List the prime factors of 829.
829
What are the prime factors of 3050?
2, 5, 61
What are the prime factors of 144087?
3, 48029
What are the prime factors of 325?
5, 13
List the prime factors of 52608.
2, 3, 137
What are the prime factors of 1014?
2, 3, 13
What are the prime factors of 217?
7, 31
List the prime factors of 9269.
13, 23, 31
List the prime factors of 10396.
2, 23, 113
What are the prime factors of 4512?
2, 3, 47
What are the prime factors of 2150?
2, 5, 43
List the prime factors of 47779.
47779
What are the prime factors of 31979?
113, 283
What are the prime factors of 967?
967
What are the prime factors of 263?
263
List the prime factors of 3230.
2, 5,